. Let z(g) = 4*a(g) - 5*c(g). Determine z(-10).
8
Let b(r) = -r - 5. Let i(v) = 20 + 53 - 73 + 48 + 3*v. Let h be i(-16). What is b(h)?
-5
Suppose 2*b = -3*b + 15. Let a(r) = 49179*r - 24552*r - 24628*r - 7. Give a(b).
-10
Let j(g) be the first derivative of 1/2*g**2 + 22 + 1/4*g**4 - 2*g - 8/3*g**3. Let y be 2/(14/55) - 8/(-56). What is j(y)?
6
Let w(m) = m**3 + 9*m**2 - m - 2. Let k(q) = q**3 + 2*q**2 - q - 1. Suppose 11*n = -5*g + 8*n + 10, 0 = 4*n. Let r(z) = g*k(z) - w(z). What is r(5)?
-5
Let h be (-5 - 0) + (6 - 7)*-5. Let d(q) be the first derivative of -q**3/3 - 3*q**2/2 - 6*q - 80. Determine d(h).
-6
Let p(j) = 23*j - 3. Let g(o) = 77*o - 3846. Let f be g(50). What is p(f)?
89
Let g(z) = -z + 1. Let q(c) = -3. Let r = -50 + 48. Let x be (-4 + r + 5)/1. Let m(y) = x*q(y) - 3*g(y). Determine m(-2).
-6
Let n be (-1 + (-5)/(-3))/(80/600). Let s(r) = r**2 - 8*r + 4. Let y(t) = 2*t**2 - 18*t + 9. Let b(z) = n*s(z) - 2*y(z). Let l = 0 - -3. What is b(l)?
-1
Let q(p) = -11*p**3 - p**2 - 2. Let x be q(-1). Suppose -6*g - 8 = -x*g. Let a(n) = -2 - 4*n - 1 - 3*n. Give a(g).
-31
Suppose 0 = -16*x + 31 + 209. Let v(w) = x*w - 20*w + 2 + w**3 - 3*w**2 + 0*w**2 + 2. Calculate v(3).
-11
Let q(b) = 7*b**3 + 2*b**2 - 11*b + 9. Let t be 6 - (8/(1200/125))/(2/12). Determine q(t).
7
Let d(l) = 15 - 8 + 34 + 24 - 4*l + 33. Calculate d(21).
14
Let m(r) = -r**3 - 15342*r**2 + 0*r + 49 - r + 15341*r**2. Calculate m(0).
49
Let y(i) = -17289*i**3 - 4*i - 9 + 8 + 17287*i**3 + 4*i**2. What is y(3)?
-31
Let q(p) = 10*p**2 + 4*p - 2. Let t(d) = -13*d**2 - 5*d + 2. Let j = -135 - -131. Let v(z) = j*q(z) - 3*t(z). What is v(4)?
-18
Let x(c) = 2*c**2 - 82*c - 362. Let l be x(45). Let m(a) = -5*a**2 - 2*a. Give m(l).
-16
Suppose -i + 6 = -3*c - c, -3*c - 9 = 0. Let p be 40/22 + i/(-33). Let t(v) = -25*v**p + 51*v**2 - 27*v**2 + 4*v - 6. Give t(4).
-6
Let a(c) = -11*c**3 - 4*c**2 - c - 4. Let z(y) = y**2 + 1. Let s(h) = a(h) + 3*z(h). Suppose -3 = -3*b - 6, 4*m = b + 537. Let r = m + -135. What is s(r)?
10
Let c(b) = 10*b - 62. Let v(x) = -5*x + 29. Let o(y) = 3*c(y) + 5*v(y). What is o(7)?
-6
Let j(h) = -6*h - 32*h**2 + 33*h**2 + h**3 + 0*h + h - h. Determine j(3).
18
Let v(k) = 3*k + 74. Let j(p) = -92. Let q(r) = 4*j(r) + 3*v(r). What is q(17)?
7
Let h(z) = -z**2 - 8*z - 7. Let n be h(-6). Suppose -23 + 4 = 4*i + 5*q, n*q = i + 11. Let a(m) = -2*m - 6. Give a(i).
6
Let g(d) be the second derivative of d**3/6 + 13*d**2/2 - d. Let p be (-20 + 11 + (-111)/(-15))*45/12. Calculate g(p).
7
Suppose 0 = 3*k + u - 17, 12*k - 6*k - 2*u = 50. Let a(q) = -q**3 + 8*q**2 - 4*q - 1. Give a(k).
20
Let a(i) = 11*i**2 - i. Let g = -766 + 768. Determine a(g).
42
Let h(i) be the first derivative of 2*i**3/3 - 11*i**2 + 61*i + 5647. Calculate h(4).
5
Let y = -900 + 900. Let v(f) be the second derivative of -1/6*f**3 - 5*f + 0 + 1/12*f**4 + 15/2*f**2. Determine v(y).
15
Let s(p) = 9*p - 3. Let n(v) = -6*v**2 + 5*v - 1. Let d be n(1). Let h be d + (-30)/6 - -3. Calculate s(h).
-39
Let k(s) = -s**3 + 0 + 4 + 23*s - 5 + 2*s**2 - 21*s + 2*s**3. Determine k(-3).
-16
Let v be 702/156 + 1/2. Let k(i) = i - i + v + 24*i - 28*i. Determine k(6).
-19
Let a(m) be the third derivative of 1/60*m**5 + 1/6*m**3 + m**2 + 0*m + 0 - 7/24*m**4. Suppose 1126*h = -1239 + 9121. What is a(h)?
1
Let f(s) be the first derivative of s**4/8 - s**3/3 - 4*s**2 + s + 53. Let h(z) be the second derivative of f(z). Determine h(6).
16
Suppose -107*i = -125*i - 9 - 135. Let r(o) = -o**3 - 7*o**2 + 9*o - 4. Give r(i).
-12
Let a(m) = -6 - 1 + 0 - m. Suppose -22*n - 1393 - 1599 = 0. Let t be -6 - (16/n + (-261)/(-51)). What is a(t)?
4
Let d(k) be the third derivative of 13*k**4/24 - 65*k**3/6 - 2768*k**2. What is d(5)?
0
Let k(l) = -17*l - 11. Let i(v) = -3*v - 2. Let g(x) = 6*i(x) - k(x). What is g(-12)?
11
Let o be 2/(-13) - 1876/(-364). Let a(y) = 3*y - 6*y**2 - 6*y**3 - 10*y**3 + 17*y**3 + o*y - 11. Calculate a(5).
4
Let v = -299 + 344. Let d(q) = -8*q - v + 26 + 5*q + 21. Give d(3).
-7
Let u(d) = -1. Let c(h) = h + 1. Let p(s) = -c(s) - u(s). Let b = 476 - 471. Calculate p(b).
-5
Let u(l) be the second derivative of l**3/3 + 15*l**2/2 + 489*l. Determine u(-13).
-11
Let h(q) be the third derivative of q**4/24 + 31*q**3/6 - 34*q**2 - q - 40. Suppose -5*u - 8 = -3*l + 5*l, 5*u = l + 4. Determine h(u).
31
Let l(c) = 4*c**2 + 32*c + 61. Suppose 19569 = 20*j + 19629. Give l(j).
1
Let n(p) = -p**2 - 13*p - 33. Suppose 19 = -5*j + 7*x - 3*x, -6*x - 17 = -j. Give n(j).
9
Suppose -80 = 813*l - 793*l. Let g(n) = 4*n**2 + 7*n**2 + 5 + 7*n - 9*n**2. Calculate g(l).
9
Let h(g) = 9 - 3*g**3 + 4*g**3 - 9 - 6*g - 5. Determine h(-4).
-45
Let k = 11/16 - 7/16. Let r(g) be the first derivative of k*g**4 - 8*g + 1/3*g**3 - 1/2*g**2 + 12. Give r(0).
-8
Let r(t) be the second derivative of -280*t + 21/2*t**2 - 2/3*t**3 + 0. Give r(7).
-7
Let b be ((-78)/(-2) - -1)*(-585)/(-30). Let h(k) = 3*k - 19 - b*k**2 + 2*k + 782*k**2 + 15. Calculate h(-4).
8
Let k be (990/(-75))/33 + 356/(-10). Let q(a) = -a**2 - 42*a - 215. Determine q(k).
1
Let h(q) = q**2 + 10*q + 27. Let d = -2563 - -2557. Calculate h(d).
3
Let x(p) = -p**2 + p + 2. Suppose -36 = -5*b + 5*o - 1, b + 4*o + 8 = 0. Suppose v = 2*r + 53, -b*r = -5*v + r + 245. Let h = v - 43. What is x(h)?
0
Let k be 2/(-9) - (-60)/27. Suppose k = -w - 0. Let m(r) = 78 - 155*r + 152*r - 44 - 37. Determine m(w).
3
Let k be (275/22 + -13)*0. Let a(q) = q**2 - 3*q - 5. Determine a(k).
-5
Let s(h) = h**2 + 32*h - 417. Let i be s(10). Let x(t) be the second derivative of 0 + 1/3*t**4 + 0*t**2 + 8*t - 2/3*t**i + 1/20*t**5. Determine x(-5).
-5
Let u(y) = -172*y - 46275. Let h be u(-269). Let q(b) be the third derivative of -b**4/24 + b**3/6 - b**2. Calculate q(h).
8
Let v(j) be the second derivative of -j**4/6 + 5*j**3/6 + 23*j**2 - j - 34. What is v(6)?
4
Let z(r) = -r**3 - 23*r**2 - 21*r + 36. Let d be z(-22). Suppose 2*u = -2*a - d, -8*a + 3*u + 23 = -12*a. Let v(o) = 2*o + 3. Calculate v(a).
-1
Let w(t) = t**2 + 15*t + 20. Let m = -315 + 366. Suppose 0 = -10*v + 5*v + 2*b - 68, 4*v + m = 5*b. Give w(v).
6
Let f(u) be the third derivative of -u**6/120 - 5*u**5/6 - 95*u**4/24 + 6*u**3 + 2*u**2 + 389*u - 6. Determine f(-48).
-12
Let b(q) be the first derivative of 9/2*q**2 + q + 57. Let a be (-2)/5 + 6/(-10). Determine b(a).
-8
Suppose -8*y = y - 18. Suppose -31 + 19 = y*b. Let u(w) be the second derivative of -w**5/20 - w**4/2 - w**3/6 - 3*w**2/2 - 4*w. Give u(b).
3
Let d = 19 - 16. Let t(r) = 6 + 234*r**2 - 114*r**2 - 121*r**2 + r**3 + r + d. What is t(0)?
9
Let c(z) be the first derivative of z**6/360 - 17*z**5/120 + 7*z**4/8 - 3*z**3 + z**2/2 + 130. Let u(y) be the third derivative of c(y). Give u(16).
5
Let t(i) = 377*i + 84. Let c(g) = 133*g + 28. Let j(l) = 17*c(l) - 6*t(l). Calculate j(-4).
-24
Suppose 0 = 46*o - 50*o - 1688. Let g = -418 - o. Let q(c) = -4*c + 11. What is q(g)?
-5
Let f(d) = 20*d - 196. Suppose 32*y = -68*y + 900. Calculate f(y).
-16
Suppose 5*z + f = 7, 4*z + 4*f = z - 6. Let u(o) = 0 - 11*o - o**3 - 7*o + 12*o + 8*o**z - 2. Let t be 7 + -1 + (-1 - -2). Determine u(t).
5
Let t(v) be the third derivative of v**7/840 - 7*v**6/360 + v**5/20 + 7*v**4/24 + 13*v**3/2 + 50*v**2. Let o(i) be the first derivative of t(i). Calculate o(6).
7
Let n(w) = -2*w + 5*w + 81 + w**2 - 38 - 40. Suppose -j = -0 + 2. Determine n(j).
1
Let k(c) = -4*c + 2. Let a = -1429 - -2222. Let n = a - 791. What is k(n)?
-6
Let a(j) = -j**2 + 9*j - 8. Let u = 30 + -29. Let h be 3/u*(-1 + 2)/1. Let l(r) = 4*r - 4. Let b be l(h). Determine a(b).
0
Let d(a) be the third derivative of -a**7/840 + 7*a**6/360 - a**5/40 + a**4/12 - 91*a**3/6 + 246*a**2. Let r(o) be the first derivative of d(o). Determine r(6).
20
Let f(h) = 22*h**2 + 60*h**2 - 125*h**2 + 16*h**2 + 27*h**2 - 6*h**3. Suppose -p - 1 = -0*v + v, 5*p + 5 = -2*v. Determine f(p).
6
Suppose 0 = 390*z - 393*z + 4*h + 15, 3*z - 18 = 3*h. Let t(l) = l**3 - 11*l**2 + 19*l + 19. Give t(z).
28
Let g(r) = 60*r + 1. Let c(u) = -107*u - 4. Let p(t) = 2*c(t) + 5*g(t). Determine p(-1).
-89
Let r(k) = -2*k - 2. Let s(l) be the second derivative of -l**4/12 - 2*l**3 - 12*l**2 + 4*l - 15. Suppose -2*u = -0*u + 18. Let c be s(u). Determine r(c).
-8
Let x(y) = 3*y - 17. Let v